5
In base 16, what is 3 + -13707?
-13704
In base 10, what is -18 - -11302?
11284
In base 16, what is -15 + 1869d?
18688
In base 7, what is -10 + 1006000?
1005660
In base 11, what is -977 + 74?
-903
In base 13, what is b + -47859?
-4784b
In base 12, what is -a + 2614b5?
2614a7
In base 4, what is -11 + 10103033?
10103022
In base 3, what is -2010210011 - 2021?
-2010212102
In base 9, what is 28 + 13587?
13626
In base 12, what is -68 + 235?
189
In base 14, what is -1c5 + 18d?
-36
In base 3, what is -2 + -211111222110?
-211111222112
In base 12, what is -4958a1 - -2?
-49589b
In base 8, what is 4 - -16502?
16506
In base 11, what is -1 + -8632?
-8633
In base 7, what is 1041 + 2012?
3053
In base 9, what is -167685 + -2?
-167687
In base 7, what is 3 + 231211?
231214
In base 7, what is 4 + -642?
-635
In base 16, what is -5c0 - ba?
-67a
In base 5, what is 4022420 - -1?
4022421
In base 12, what is -3 - 7a0b?
-7a12
In base 10, what is -4 - -26785?
26781
In base 16, what is -1 + -e3b?
-e3c
In base 10, what is -12 + 2411?
2399
In base 2, what is 10001110001010100 + 101?
10001110001011001
In base 6, what is 25 + 315553?
320022
In base 6, what is -52150 - 430?
-53020
In base 12, what is 4b + 238?
287
In base 5, what is 3043404 + -1?
3043403
In base 7, what is -13 + -63604?
-63620
In base 4, what is 1013 + -110001?
-102322
In base 13, what is -72ac + 3?
-72a9
In base 15, what is 3b91e - 2?
3b91c
In base 3, what is 1 - 20000222?
-20000221
In base 5, what is -140 - 20101?
-20241
In base 8, what is -3 - 5210514?
-5210517
In base 5, what is -31340 - -1231?
-30104
In base 8, what is -1 + -43156?
-43157
In base 8, what is -146076 + 2?
-146074
In base 2, what is 101001011001110 - -11?
101001011010001
In base 5, what is 10 + -13100440?
-13100430
In base 9, what is 3 + 363430?
363433
In base 6, what is -4 - -155221?
155213
In base 9, what is 3 + 3084070?
3084073
In base 2, what is 110111111011000111010111 + 101?
110111111011000111011100
In base 10, what is -472319 + -1?
-472320
In base 16, what is -5 - 5fed0?
-5fed5
In base 5, what is 10 + -234010124?
-234010114
In base 13, what is a - -a72c?
a739
In base 7, what is 1262632 + 3?
1262635
In base 15, what is 9 - -62dd7?
62de1
In base 5, what is 12003 - 222?
11231
In base 16, what is -151fc + 3?
-151f9
In base 7, what is -5 - -2565661?
2565653
In base 6, what is -2001502 + -3?
-2001505
In base 6, what is -1 + -1051230?
-1051231
In base 14, what is b4 + c7?
19b
In base 13, what is -408 + -3a?
-445
In base 14, what is -6311 + -19?
-632a
In base 3, what is -112222 + 20202?
-22020
In base 16, what is 474a - -6?
4750
In base 13, what is 53c37 + 12?
53c49
In base 10, what is 1 - -1127?
1128
In base 14, what is -2 - 439a?
-439c
In base 9, what is 530402 - 5?
530386
In base 8, what is -546 - 206?
-754
In base 10, what is 9 - -41400?
41409
In base 8, what is 362674 + -5?
362667
In base 5, what is -10 - 142010312?
-142010322
In base 16, what is -5c28 - -4?
-5c24
In base 6, what is 10120 - -35?
10155
In base 12, what is -859417 + -2?
-859419
In base 3, what is 11012 - 200210011?
-200121222
In base 5, what is -4141 - -1213?
-2423
In base 5, what is 10 + -34402?
-34342
In base 15, what is 383d2 + -5?
383cc
In base 14, what is -4c - -73?
25
In base 11, what is 1 - -2a4596?
2a4597
In base 8, what is 4 + 1275617?
1275623
In base 11, what is -19 - -75a?
741
In base 12, what is 1 + 38b4?
38b5
In base 2, what is 1000100011 - -1011?
1000101110
In base 9, what is 5536364 - -4?
5536368
In base 16, what is -2 - 7ddd?
-7ddf
In base 14, what is 49721 + -1?
49720
In base 13, what is -46 - 186?
-1cc
In base 8, what is -1506 + 523?
-763
In base 8, what is 2360 - 11?
2347
In base 16, what is f - -ffff?
1000e
In base 4, what is -332130020 + 12?
-332130002
In base 8, what is 140 + 5306?
5446
In base 14, what is bd - c77?
-b98
In base 14, what is 17190 - -4?
17194
In base 7, what is -15 + -51206?
-51224
In base 13, what is -b5a5c + 4?
-b5a58
In base 11, what is -1a89 - -292?
-17a7
In base 10, what is -605 - -25?
-580
In base 15, what is -3 + -23bdc?
-23be0
In base 13, what is -29158 - -5?
-29153
In base 9, what is 255 + -60130?
-58764
In base 6, what is 3 + 50012?
50015
In base 13, what is -b4 + -14ac?
-1593
In base 3, what is -12 - -120121000012?
120121000000
In base 3, what is -2120102111 + -1?
-2120102112
In base 6, what is -33 - -250402?
250325
In base 13, what is -5 - 1ca719?
-1ca721
In base 11, what is -47 + 629?
592
In base 14, what is -7b - 124?
-1a1
In base 7, what is -552214 + -115?
-552332
In base 8, what is 1051217 + 2?
1051221
In base 10, what is -634525 + 0?
-634525
In base 16, what is d - -9e0?
9ed
In base 7, what is 643 + 102?
1045
In base 6, what is 0 + 304233?
304233
In base 8, what is 130 + 34513?
34643
In base 8, what is 5 - -34154?
34161
In base 6, what is -412042 - 51?
-412133
In base 4, what is 201323 + 201?
202130
In base 6, what is 301311 - -4?
301315
In base 11, what is 13575 - 54?
13521
In base 10, what is 34596 - -3?
34599
In base 12, what is -1 - -b2a?
b29
In base 16, what is -204fb4 - 0?
-204fb4
In base 5, what is 41223213 - 2?
41223211
In base 12, what is b2876 - 5?
b2871
In base 5, what is -2014 - 13212?
-20231
In base 4, what is -30320311 - -3?
-30320302
In base 10, what is -7 + -68573?
-68580
In base 7, what is -23206 + 154?
-23022
In base 4, what is -33323000 + 10?
-33322330
In base 10, what is 212365 + -9?
212356
In base 11, what is -8693 - 0?
-8693
In base 6, what is -41 + -5253?
-5334
In base 14, what is 44d8a - 4?
44d86
In base 14, what is -1d128 + 5?
-1d123
In base 16, what is 8c - e?
7e
In base 8, what is 144564 - 0?
144564
In base 15, what is 21a + 192?
3ac
In base 15, what is -15 - -17eb?
17d6
In base 10, what is -209073 - -2?
-209071
In base 2, what is 1101 - -110001111100?
110010001001
In base 3, what is 1121010220221 - -10?
1121010221001
In base 3, what is 100020010 + 202112?
100222122
In base 6, what is 3153041 - -1?
3153042
In base 16, what is 8f71f + -5?
8f71a
In base 6, what is 21 - -543530?
543551
In base 8, what is -12 + 56330?
56316
In base 11, what is -84586 - 0?
-84586
In base 11, what is -1a2 - 3084?
-3276
In base 2, what is -10001111 - 10000110?
-100010101
In base 13, what is -9c - 3ba9?
-3c78
In base 10, what is 9 + -338436?
-338427
In base 8, what is 5 - 4602?
-4575
In base 8, what is -363743 + -25?
-363770
In base 15, what is -5 - -2e11e?
2e119
In base 15, what is -1a88 - -7?
-1a81
In base 9, what is -14114 - -337?
-13666
In base 10, what is 41 - 3525?
-3484
In base 8, what is 226 + -76?
130
In base 6, what is 121524131 + 2?
121524133
In base 16, what is 1d8c - -82?
1e0e
In base 2, what is 100100110 + 10110001?
111010111
In base 11, what is 1 - -39414?
39415
In base 9, what is -4 - -77407?
77403
In base 13, what is 15 + -5b54?
-5b3c
In base 8, what is -463714 - -5?
-463707
In base 4, what is 20022 - 2102?
11320
In base 16, what is 1 + 5a28?
5a29
In base 9, what is -1186 - -1117?
-68
In base 2, what is 1110011001010 + 1001?
1110011010011
In base 15, what is 97 - 22?
75
In base 15, what is 2 - 920d0?
-920cd
In base 9, what is 23677 + 12?
23700
In base 2, what is -101100 + 11001110?
10100010
In base 2, what is -100011010110011110110 - 10?
-100011010110011111000
In base 7, what is -5562 + -153?
-6045
In base 3, what is -102220 + -111111?
-221101
In base 13, what is -a + 9b15?
9b08
In base 14, what is 4218 + -2?
4216
In base 4, what is 0 + -3023110103?
-3023110103
In base 10, what is 262487 + -9?
262478
In base 13, what is -2ab59 + b?
-2ab4b
In base 9, what is 378657 + 1?
378658
In base 6, what is -241 + 12125?
11444
In base 16, what is 6 + aa5f8?
aa5fe
In base 13, what is -2 + -7a309?
-7a30b
In base 2, what is 1011100000001001110010 + -1?
1011100000001001110001
In base 16, what is -14 + -104b?
-105f
In base 6, what is 44525 + 132?
45101
In base 10, what is -1267 + -118?
-1385
In base 15, what is -18 + 381?
368
In base 10, what is 0 + -20850?
-20850
In base 14, what is 9 - -25?
30
In base 9, what is 1 - 1252328?
-1252327
In base 5, what is 2 - 304102?
-304100
In base 3, what is 11 - 10002100010?
-10002022222
In base 12, what is -545 - 195?
-71a
In base 12, what is -a233 - -21?
-a212
In base 3, what is 0 + -1200212111?
-1200212111
In base 14, what is 85 - -943?
9c8
In base 4, what is 32231 - -1201?